the remainder when 10763691 is divided by 1537669?
8
Calculate the remainder when 29341052 is divided by 1402.
1398
Calculate the remainder when 13620 is divided by 6665.
290
Calculate the remainder when 141312573 is divided by 1824.
1821
Calculate the remainder when 1690363 is divided by 563387.
202
What is the remainder when 608710 is divided by 128?
70
Calculate the remainder when 72526272 is divided by 61152.
0
Calculate the remainder when 1514108 is divided by 65.
63
What is the remainder when 12516505 is divided by 4172160?
25
Calculate the remainder when 18305368 is divided by 2470.
198
Calculate the remainder when 256952 is divided by 464.
360
Calculate the remainder when 235805 is divided by 8.
5
What is the remainder when 52654 is divided by 12837?
1306
Calculate the remainder when 109843 is divided by 51162.
7519
Calculate the remainder when 42366 is divided by 20396.
1574
What is the remainder when 527478 is divided by 8754?
2238
What is the remainder when 10656155 is divided by 10656133?
22
What is the remainder when 711412 is divided by 74?
50
Calculate the remainder when 317466 is divided by 52579.
1992
What is the remainder when 557058 is divided by 10?
8
Calculate the remainder when 114666038 is divided by 30.
8
What is the remainder when 2320163 is divided by 7631?
339
Calculate the remainder when 8014814 is divided by 1602945.
89
Calculate the remainder when 5425255 is divided by 29.
22
Calculate the remainder when 808431 is divided by 27.
24
What is the remainder when 785668 is divided by 60400?
468
Calculate the remainder when 56922298 is divided by 511.
475
Calculate the remainder when 138585 is divided by 470.
405
Calculate the remainder when 11057951 is divided by 183.
176
Calculate the remainder when 3774973 is divided by 469.
461
Calculate the remainder when 15900 is divided by 1332.
1248
What is the remainder when 4748887 is divided by 575?
537
What is the remainder when 491998 is divided by 338?
208
What is the remainder when 7786704 is divided by 1385?
234
What is the remainder when 326356 is divided by 36210?
466
What is the remainder when 245206 is divided by 49040?
6
Calculate the remainder when 1170794 is divided by 155.
79
What is the remainder when 37283 is divided by 645?
518
What is the remainder when 802546 is divided by 22264?
1042
What is the remainder when 2873797 is divided by 555?
7
Calculate the remainder when 482311229 is divided by 5763.
5759
Calculate the remainder when 4889461 is divided by 1843.
1825
What is the remainder when 1961582 is divided by 442?
428
What is the remainder when 794727 is divided by 2112?
615
Calculate the remainder when 13412549 is divided by 112.
101
Calculate the remainder when 16033 is divided by 2122.
1179
Calculate the remainder when 1505915 is divided by 218.
189
Calculate the remainder when 21368619 is divided by 28.
27
What is the remainder when 2823495 is divided by 124?
15
What is the remainder when 10558199 is divided by 5279085?
29
What is the remainder when 24928029 is divided by 32?
29
What is the remainder when 3258961 is divided by 4821?
4786
Calculate the remainder when 40276 is divided by 2011.
56
What is the remainder when 112320 is divided by 187?
120
What is the remainder when 11810570 is divided by 5905239?
92
Calculate the remainder when 1571000 is divided by 62840.
0
What is the remainder when 189998 is divided by 22?
6
What is the remainder when 4856692 is divided by 164?
160
What is the remainder when 12245498 is divided by 10?
8
What is the remainder when 206658 is divided by 662?
114
Calculate the remainder when 47979937 is divided by 1553.
2
Calculate the remainder when 1914692 is divided by 13020.
752
What is the remainder when 137268257 is divided by 67?
64
What is the remainder when 270033076 is divided by 35?
26
What is the remainder when 5011447 is divided by 4712?
2591
Calculate the remainder when 2412730 is divided by 25.
5
What is the remainder when 5716217 is divided by 68050?
17
What is the remainder when 69442669 is divided by 1333?
34
Calculate the remainder when 671627 is divided by 1374.
1115
What is the remainder when 10026969 is divided by 1862?
99
Calculate the remainder when 16850707 is divided by 5616902.
1
Calculate the remainder when 2527411 is divided by 996.
559
Calculate the remainder when 248274 is divided by 16550.
24
What is the remainder when 286027 is divided by 40861?
0
What is the remainder when 642352 is divided by 506?
238
What is the remainder when 2759080 is divided by 1787?
1739
What is the remainder when 204328965 is divided by 3577?
3571
What is the remainder when 3431817 is divided by 2728?
2721
What is the remainder when 16449219 is divided by 4498?
33
What is the remainder when 247498 is divided by 123248?
1002
What is the remainder when 5006391 is divided by 633?
627
What is the remainder when 166490 is divided by 23722?
436
What is the remainder when 106094 is divided by 105879?
215
Calculate the remainder when 840707 is divided by 1687.
581
What is the remainder when 35444960 is divided by 168?
152
What is the remainder when 43203 is divided by 2736?
2163
Calculate the remainder when 48194935 is divided by 16064975.
10
What is the remainder when 10725797 is divided by 168?
5
Calculate the remainder when 3449637408 is divided by 73.
70
Calculate the remainder when 1019793 is divided by 1176.
201
Calculate the remainder when 717660 is divided by 19935.
0
What is the remainder when 213032 is divided by 53177?
324
Calculate the remainder when 933490 is divided by 34558.
424
What is the remainder when 1450402 is divided by 161155?
7
Calculate the remainder when 22849389 is divided by 145.
144
What is the remainder when 11825004 is divided by 26?
22
What is the remainder when 48561247 is divided by 93?
88
What is the remainder when 19829584 is divided by 92?
88
Calculate the remainder when 344164 is divided by 120.
4
What is the remainder when 651758 is divided by 9178?
120
Calculate the remainder when 6183811 is divided by 392.
11
What is the remainder when 9783963 is divided by 611496?
27
Calculate the remainder when 68240 is divided by 1218.
32
Calculate the remainder when 39052606 is divided by 11.
10
Calculate the remainder when 285005 is divided by 52.
45
What is the remainder when 101032678 is divided by 1137?
1132
What is the remainder when 408656 is divided by 102025?
556
Calculate the remainder when 646627 is divided by 8.
3
What is the remainder when 8973046 is divided by 2755?
11
What is the remainder when 563758 is divided by 563753?
5
Calculate the remainder when 256875 is divided by 1314.
645
Calculate the remainder when 418747 is divided by 16748.
47
What is the remainder when 13366 is divided by 4090?
1096
Calculate the remainder when 9358698 is divided by 50.
48
What is the remainder when 647719111 is divided by 8?
7
What is the remainder when 103058 is divided by 51511?
36
Calculate the remainder when 133125 is divided by 345.
300
What is the remainder when 7504550 is divided by 856?
854
Calculate the remainder when 23673 is divided by 2918.
329
What is the remainder when 482987 is divided by 6439?
62
What is the remainder when 4598346 is divided by 122?
44
Calculate the remainder when 22281581 is divided by 484381.
55
Calculate the remainder when 35936618 is divided by 740.
738
Calculate the remainder when 362506 is divided by 226.
2
What is the remainder when 11223926 is divided by 808?
806
Calculate the remainder when 88528 is divided by 1109.
917
Calculate the remainder when 490057 is divided by 480.
457
What is the remainder when 40745 is divided by 885?
35
Calculate the remainder when 15889548 is divided by 674.
672
Calculate the remainder when 3672688 is divided by 2139.
25
Calculate the remainder when 1988347 is divided by 6062.
11
Calculate the remainder when 67279761 is divided by 982.
977
What is the remainder when 8746087 is divided by 4373042?
3
What is the remainder when 1102821 is divided by 59?
52
What is the remainder when 7930661 is divided by 372?
365
What is the remainder when 6198291 is divided by 688698?
9
What is the remainder when 226128 is divided by 53?
30
What is the remainder when 30477 is divided by 24?
21
Calculate the remainder when 727549 is divided by